{"id":56,"date":"2020-10-21T15:12:40","date_gmt":"2020-10-21T13:12:40","guid":{"rendered":"http:\/\/www.psychotherapie-lawatsch.at\/?page_id=56"},"modified":"2024-01-23T08:03:00","modified_gmt":"2024-01-23T07:03:00","slug":"kontakt","status":"publish","type":"page","link":"https:\/\/www.psychotherapie-lawatsch.at\/?page_id=56","title":{"rendered":"Kontakt"},"content":{"rendered":"\n<p>Meine Praxis befindet sich an der Adresse <strong>Zimmermannplatz 4\/8 <\/strong>in <strong>1090 Wien<\/strong>. \u00d6ffentlich erreichen Sie die Praxis mit der U6 (Station Alser Stra\u00dfe) oder der Stra\u00dfenbahnlinie 43 (Station Alser Stra\u00dfe). Die R\u00e4umlichkeiten befinden sich im Erdgescho\u00df, sind aber leider nicht barrierefrei (Treppenstufen).<\/p>\n\n\n\n<p>Haben Sie weitere Fragen oder m\u00f6chten Sie einen Termin f\u00fcr ein unverbindliches Erstgespr\u00e4ch vereinbaren? Kontaktieren Sie mich gerne telefonisch oder per Mail! Da ich in den Therapiestunden keine Anrufe entgegennehme, hinterlassen Sie mir bitte eine Nachricht auf der Mobilbox oder per SMS, sollten Sie einen R\u00fcckruf w\u00fcnschen.<\/p>\n\n\n\n<p><strong>Telefon:<\/strong> 0677\/63162345<br><strong>Mail: <\/strong>kontakt@psychotherapie-lawatsch.at<\/p>\n","protected":false},"excerpt":{"rendered":"<p>Meine Praxis befindet sich an der Adresse Zimmermannplatz 4\/8 in 1090 Wien. \u00d6ffentlich erreichen Sie die Praxis mit der U6 (Station Alser [&hellip;]<\/p>\n","protected":false},"author":1,"featured_media":0,"parent":0,"menu_order":0,"comment_status":"closed","ping_status":"closed","template":"","meta":{"footnotes":""},"class_list":["post-56","page","type-page","status-publish","hentry"],"_links":{"self":[{"href":"https:\/\/www.psychotherapie-lawatsch.at\/index.php?rest_route=\/wp\/v2\/pages\/56","targetHints":{"allow":["GET"]}}],"collection":[{"href":"https:\/\/www.psychotherapie-lawatsch.at\/index.php?rest_route=\/wp\/v2\/pages"}],"about":[{"href":"https:\/\/www.psychotherapie-lawatsch.at\/index.php?rest_route=\/wp\/v2\/types\/page"}],"author":[{"embeddable":true,"href":"https:\/\/www.psychotherapie-lawatsch.at\/index.php?rest_route=\/wp\/v2\/users\/1"}],"replies":[{"embeddable":true,"href":"https:\/\/www.psychotherapie-lawatsch.at\/index.php?rest_route=%2Fwp%2Fv2%2Fcomments&post=56"}],"version-history":[{"count":12,"href":"https:\/\/www.psychotherapie-lawatsch.at\/index.php?rest_route=\/wp\/v2\/pages\/56\/revisions"}],"predecessor-version":[{"id":266,"href":"https:\/\/www.psychotherapie-lawatsch.at\/index.php?rest_route=\/wp\/v2\/pages\/56\/revisions\/266"}],"wp:attachment":[{"href":"https:\/\/www.psychotherapie-lawatsch.at\/index.php?rest_route=%2Fwp%2Fv2%2Fmedia&parent=56"}],"curies":[{"name":"wp","href":"https:\/\/api.w.org\/{rel}","templated":true}]}}