{"id":60,"date":"2020-10-21T15:12:53","date_gmt":"2020-10-21T13:12:53","guid":{"rendered":"http:\/\/www.psychotherapie-lawatsch.at\/?page_id=60"},"modified":"2025-11-11T08:17:18","modified_gmt":"2025-11-11T07:17:18","slug":"uber-mich","status":"publish","type":"page","link":"https:\/\/www.psychotherapie-lawatsch.at\/?page_id=60","title":{"rendered":"\u00dcber mich"},"content":{"rendered":"\n<p class=\"has-medium-font-size\">Ingrid Lawatsch, MSc (sie\/ihre | she\/her)<br>Psychologin, Psychotherapeutin (Verhaltenstherapie)<\/p>\n\n\n<div class=\"wp-block-image is-style-default\">\n<figure class=\"alignright size-full is-resized\"><img loading=\"lazy\" decoding=\"async\" width=\"460\" height=\"588\" src=\"https:\/\/www.psychotherapie-lawatsch.at\/wp-content\/uploads\/2023\/01\/hs1sz.png\" alt=\"\" class=\"wp-image-200\" style=\"width:230px;height:294px\" title=\"Ingrid Lawatsch\" srcset=\"https:\/\/www.psychotherapie-lawatsch.at\/wp-content\/uploads\/2023\/01\/hs1sz.png 460w, https:\/\/www.psychotherapie-lawatsch.at\/wp-content\/uploads\/2023\/01\/hs1sz-235x300.png 235w, https:\/\/www.psychotherapie-lawatsch.at\/wp-content\/uploads\/2023\/01\/hs1sz-230x294.png 230w, https:\/\/www.psychotherapie-lawatsch.at\/wp-content\/uploads\/2023\/01\/hs1sz-350x447.png 350w\" sizes=\"auto, (max-width: 460px) 100vw, 460px\" \/><\/figure><\/div>\n\n\n<h3 class=\"wp-block-heading\"><strong>Praxiserfahrung<\/strong><\/h3>\n\n\n\n<ul class=\"wp-block-list\">\n<li>seit 2021: Psychotherapeutin in freier Praxis<\/li>\n\n\n\n<li>2021 &#8211; 2023: Verein Gr\u00fcner Kreis &#8211; ambulantes Beratungs- und Betreuungszentrum (Beratung und psychotherapeutische Behandlung f\u00fcr Menschen mit Abh\u00e4ngigkeitserkrankungen)<\/li>\n\n\n\n<li>2020 -2021: Consana &#8211; Zentrum f\u00fcr psychosoziale Gesundheit (Psychotherapie)<\/li>\n\n\n\n<li>2020 &#8211; 2021: Ph\u00f6nix Project &#8211; Psychosoziale und berufliche Rehabilitation<\/li>\n\n\n\n<li>2019: AKH Wien &#8211; Verhaltenstherapeutische Station 05B<\/li>\n\n\n\n<li>Schuhfried GmbH &#8211; Computergest\u00fctzte Psychologische Diagnostik<\/li>\n\n\n\n<li>Projekt VIA &#8211; Berufsqualifizierung f\u00fcr Jugendliche und junge Erwachsene<\/li>\n\n\n\n<li>Anton Proksch Institut &#8211; Abteilung f\u00fcr Abh\u00e4ngige von illegalen Substanzen<\/li>\n<\/ul>\n\n\n\n<h3 class=\"wp-block-heading\"><strong>Ausbildung<\/strong><\/h3>\n\n\n\n<ul class=\"wp-block-list\">\n<li>Laufend: Curriculum Trauma-Psychotherapie (ZAP Wien)<\/li>\n\n\n\n<li>Laufend: Ausbildung Sexualtherapie (\u00d6GS)<\/li>\n\n\n\n<li>Psychotherapeutisches Fachspezifikum bei der \u00d6sterreichischen Gesellschaft f\u00fcr Verhaltenstherapie (\u00d6GVT)<\/li>\n\n\n\n<li>Psychotherapeutisches Prop\u00e4deutikum am Postgraduate Center der Universit\u00e4t Wien<\/li>\n\n\n\n<li>Masterstudium Psychologie an der Universit\u00e4t Wien, Schwerpunkt &#8222;Gesundheit, Entwicklung und F\u00f6rderung&#8220;<\/li>\n\n\n\n<li>Bachelorstudium Psychologie an der KFU Graz und der Universit\u00e4t Wien<\/li>\n\n\n\n<li>HTBLUVA f\u00fcr Grafik- und Kommunikationsdesign in Graz<\/li>\n<\/ul>\n","protected":false},"excerpt":{"rendered":"<p>Ingrid Lawatsch, MSc (sie\/ihre | she\/her)Psychologin, Psychotherapeutin (Verhaltenstherapie) Praxiserfahrung Ausbildung<\/p>\n","protected":false},"author":1,"featured_media":0,"parent":0,"menu_order":0,"comment_status":"closed","ping_status":"closed","template":"","meta":{"footnotes":""},"class_list":["post-60","page","type-page","status-publish","hentry"],"_links":{"self":[{"href":"https:\/\/www.psychotherapie-lawatsch.at\/index.php?rest_route=\/wp\/v2\/pages\/60","targetHints":{"allow":["GET"]}}],"collection":[{"href":"https:\/\/www.psychotherapie-lawatsch.at\/index.php?rest_route=\/wp\/v2\/pages"}],"about":[{"href":"https:\/\/www.psychotherapie-lawatsch.at\/index.php?rest_route=\/wp\/v2\/types\/page"}],"author":[{"embeddable":true,"href":"https:\/\/www.psychotherapie-lawatsch.at\/index.php?rest_route=\/wp\/v2\/users\/1"}],"replies":[{"embeddable":true,"href":"https:\/\/www.psychotherapie-lawatsch.at\/index.php?rest_route=%2Fwp%2Fv2%2Fcomments&post=60"}],"version-history":[{"count":17,"href":"https:\/\/www.psychotherapie-lawatsch.at\/index.php?rest_route=\/wp\/v2\/pages\/60\/revisions"}],"predecessor-version":[{"id":332,"href":"https:\/\/www.psychotherapie-lawatsch.at\/index.php?rest_route=\/wp\/v2\/pages\/60\/revisions\/332"}],"wp:attachment":[{"href":"https:\/\/www.psychotherapie-lawatsch.at\/index.php?rest_route=%2Fwp%2Fv2%2Fmedia&parent=60"}],"curies":[{"name":"wp","href":"https:\/\/api.w.org\/{rel}","templated":true}]}}